5 = -115. Suppose -3*s - p = -2*u, 3*u = -s - 30 - 0. Let t = -5 - s. What is the remainder when t is divided by 6?
4
Suppose 0 = -3*d + 4*d. Suppose d = 3*m - 31 - 11. What is the remainder when m is divided by 4?
2
Let t be (-4)/10 + 82/5. Let n be (-4)/t - 42/(-8). Suppose 3*h = 4*r - h - 72, 0 = n*r - 2*h - 87. Calculate the remainder when 66 is divided by r.
15
Let v(y) = y**2 - 7*y - 13. Let c(l) = -l**2 + 5*l + 3. Let b be c(3). Calculate the remainder when 9 is divided by v(b).
4
Let g(l) = -l**3 + 7*l**2 - l - 4. Suppose -37 = c - 3*c + 5*s, -26 = -c + 4*s. What is the remainder when 49 is divided by g(c)?
23
Suppose 4*p = 8, 3*r - 3*p - 14 = -4*p. Suppose v - 7 - r = 0. What is the remainder when 43 is divided by v?
10
Suppose -4*g - i = -44, 3*i - 28 = -2*g - 6. Calculate the remainder when g is divided by 6.
5
Let m(d) = 3*d**2 + 4*d + 3. Let o be m(-2). Let i = 27 - o. Calculate the remainder when i is divided by 11.
9
Suppose -2*m + 16 = 2*m. Suppose 6 = 5*o - m. What is the remainder when (-2)/(-11) - (-252)/66 is divided by o?
0
Suppose f - 4 - 2 = -s, 0 = -5*f - 4*s + 30. Let q(p) = -p**2 + 9*p - 3. What is the remainder when q(7) is divided by f?
5
Let y be ((-5)/(-15))/(2/30). Let i(v) = -v**2 + 4*v - 1. Calculate the remainder when -4 + (3 - 1) + y is divided by i(3).
1
Let v = -10 + 14. Suppose 5*p - z + 3*z - 45 = 0, 0 = 5*p - v*z - 45. What is the remainder when 25 is divided by p?
7
Let t = 21 - 15. Calculate the remainder when 39 is divided by t.
3
Let m = -57 + 88. Let w = 12 + -13. What is the remainder when m is divided by (-4 - w)*(-55)/15?
9
Suppose -5*u + 65 = 10. What is the remainder when 43 is divided by u?
10
Suppose -2*z + 2 = 22. Let n be -19 - (2 - (1 + -1)). Let f = z - n. What is the remainder when f is divided by 4?
3
Suppose 9*p = 8*p + 83. Let r = p + -48. Calculate the remainder when r is divided by 12.
11
Let p be (-25)/9 + 4/(-18). Let y(c) = 3*c**2 - 2. Calculate the remainder when y(3) is divided by (-1)/(1*p/39).
12
Let l(y) = y**2 - 5*y + 6. Suppose 3*u + 12 = 6*u. What is the remainder when 2 is divided by l(u)?
0
Suppose 80 = 2*u + 2*u. What is the remainder when 76 is divided by u?
16
Suppose -7*p + 4*p + 30 = 0. Let r = p + 1. What is the remainder when 41 is divided by r?
8
Suppose w - x = -2, -w - x = 1 - 7. Let l be 1*-36 + (w - 4). Let d = -26 - l. Calculate the remainder when d is divided by 7.
5
Let a be (12/21)/(2/7). Suppose a*x = -3*x. Suppose 4*i - 7 - 9 = x. What is the remainder when 6 is divided by i?
2
Let l(u) = -5*u - 10. Calculate the remainder when 48 is divided by l(-4).
8
Suppose 0 = -2*i + g + 104, -3*i = -0*i - g - 154. Suppose -c + i = 16. Calculate the remainder when c is divided by 18.
16
Let j(c) = 2*c**2 + c + 5. What is the remainder when j(-4) is divided by 189/35*(-30)/(-18)?
6
Suppose 3*c + s = 70, -4*s = -0*c + 2*c - 30. What is the remainder when c is divided by 13?
12
Let q be (375/10)/((-6)/(-8)). Suppose -p = -x + p + q, 0 = -4*p. Calculate the remainder when x is divided by 17.
16
Let t(f) = f**2 - 5*f + 2. Let i be t(8). Suppose -4*b + i = -30. What is the remainder when 21 is divided by (-316)/(-28) - 4/b?
10
Let g = 55 - 42. Let b(d) = 0 + 10*d + 3 - 6. Calculate the remainder when b(4) is divided by g.
11
Let x(c) be the second derivative of c**4/12 + 4*c**3/3 + 9*c**2/2 - 3*c. Let k be x(-6). What is the remainder when 37 + 0 + (-6)/k is divided by 10?
9
Let a = -79 - -188. What is the remainder when a is divided by 28?
25
Let k(n) = n**3 - 6*n**2 - 4*n - 9. Let z be k(7). Let w = 22 - z. Let l = -4 - -10. What is the remainder when w is divided by l?
4
Suppose 69*q + 36 = 71*q. Let m = -34 + 122. What is the remainder when m is divided by q?
16
Let m(j) = j**3 + 6*j**2 - 6*j - 4. What is the remainder when m(-6) is divided by 17?
15
Suppose -4*b + 8*b = 32. What is the remainder when ((-12)/(-2))/((-1)/(-5)) - 0 is divided by b?
6
What is the remainder when 46 is divided by -18*(24/9 + -4)?
22
Let o = -27 - -29. Suppose -3*n + 55 = 6*t - t, -o*t = 2*n - 42. Let q = -5 + 14. Calculate the remainder when n is divided by q.
7
Let w(v) = -v**2 - 10*v + 11. Calculate the remainder when 106 is divided by w(-5).
34
Let z = -15 - -15. Suppose 0*h - 4*n - 240 = -4*h, z = 2*h + n - 117. What is the remainder when h is divided by 20?
19
Let c be -2*((-42)/(-4))/(-3). Suppose 5 = -j, 3*s + 104 = c*s - 4*j. What is the remainder when 62 is divided by s?
20
Suppose 68 + 6 = 4*n + r, 0 = 5*n - 2*r - 86. What is the remainder when n is divided by 4?
2
Let o(f) = f**2 + 7*f + 3. Let l(p) = -2*p - 10. Suppose 5*i + 32 = -13. What is the remainder when l(i) is divided by o(-7)?
2
Suppose -2*h = 2*h - 40. Calculate the remainder when 16 is divided by h.
6
Let r be (-2)/4*(1 + 1). Suppose n = -3*n + 56. Calculate the remainder when -3 + 2 + (r - -42) is divided by n.
12
Suppose -3*g + 3*w = -0*g - 189, -2*g = 3*w - 101. Calculate the remainder when g is divided by 30.
28
Let h = 9 - -2. Suppose 0 = -6*f + f + 40. Suppose -3*a + 96 = -3*y, -4*a - f*y + 128 = -3*y. Calculate the remainder when a is divided by h.
10
Suppose -x - z = -3*x + 72, -z = -2. What is the remainder when x is divided by 13?
11
Suppose -5*c = c - 630. Calculate the remainder when c is divided by 27.
24
Let g(w) = 12*w**2 + w + 2. Let h(l) = 25*l**2 + 2*l + 4. Let y(n) = 9*g(n) - 4*h(n). Calculate the remainder when y(2) is divided by 19.
17
Let u(a) = -2*a**2 + 7*a - 10. Let m be u(4). Let x = m - -68. What is the remainder when x is divided by 11?
10
Suppose 0 = -2*s + 1 - 5, 3*o - 97 = 2*s. Calculate the remainder when 89 is divided by o.
27
Suppose f - 2 - 1 = 0. Suppose -3*t - 3*i + 6 = 0, 5*i + 2 = t - 0. What is the remainder when t is divided by 1*(f/(-3) - -2)?
0
Suppose 3*w = 2*a + 61 - 0, -4*w = 3*a - 87. What is the remainder when 40 is divided by w/(-4)*(-4)/1?
19
Suppose -4*p + 54 = 3*a - a, 5*p = -5*a + 110. Suppose -5*j + 3 = -a. Let o = -2 + j. What is the remainder when 5 is divided by o?
1
Let z be (-3 + -3)/(4/(-2)). Suppose -w + g - 6*g + 14 = 0, -4*g + 86 = z*w. Calculate the remainder when w is divided by 9.
7
Let i(z) = -18*z**3 + z + 1. Let q = -5 - -4. Calculate the remainder when 34 is divided by i(q).
16
Suppose 0*p + 6 = m + 2*p, p = -4*m + 38. What is the remainder when 49 is divided by m?
9
Let z = 3 + -3. Let o be (z + 1)/(1/2). Suppose 0 = -2*a - o*a + 100. What is the remainder when a is divided by 9?
7
Suppose -5*f + 1 - 11 = o, 0 = 4*f + 16. Calculate the remainder when 17 is divided by o.
7
Let p(s) = s**3 + 9*s**2 + 8*s + 10. Let a(y) = 31*y - 1. Let r be a(2). Let d = 85 - r. What is the remainder when p(-6) is divided by d?
22
Let u(r) = -r**2 + 5. Suppose -5*f = -2*f. What is the remainder when 18 is divided by u(f)?
3
Suppose 8 = -4*m - 0*m, -m + 1 = x. Suppose 5*v = -x*i + 30, -10 = -i + 3*v - 8*v. Calculate the remainder when 39 is divided by i.
9
Let g be 1 + -9 + -2 + 1. Let d = g - -14. Suppose d*w - 5*m - 17 - 58 = 0, -w + 15 = -4*m. What is the remainder when 28 is divided by w?
13
Let m(k) be the third derivative of -k**4/12 + 7*k**3/2 - 6*k**2. What is the remainder when m(0) is divided by 6?
3
Let n = 15 - 17. Calculate the remainder when (44/(-55))/(n/155) is divided by 21.
20
Suppose -n + 1 = 0, -o + 2*n - 1 + 2 = 0. Suppose -o*s + 9 = -0*s. Calculate the remainder when 67 is divided by 3 - (6/s - 22).
21
Suppose 0*d + 28 = 4*d - 4*c, 0 = c - 3. Let l = -28 - -149. Suppose 4*a + 5*t = l, -t = -a - 0*t + 28. What is the remainder when a is divided by d?
9
Let k = 315 - 222. What is the remainder when k is divided by 24?
21
Let c(s) = s**3 - 2*s**2 + 2*s + 2. Let m be c(2). Suppose -55 = 4*n - m*n - t, 139 = 5*n + 2*t. Calculate the remainder when n is divided by 15.
14
Let x be 4 + (1 - 4/2). Suppose -12 = -n - x*n. Suppose 10 + 3 = n*h - 2*c, 0 = -2*h - 3*c + 13. Calculate the remainder when 7 is divided by h.
2
Let o(x) = 11*x**2 - 11*x - 29. Let z(y) = 5*y**2 - 6*y - 14. Let l(q) = 6*o(q) - 13*z(q). Calculate the remainder when 14 is divided by l(-12).
6
Suppose 31 + 29 = 3*g. What is the remainder when 37 is divided by g?
17
Let l(w) = 10*w. Suppose j = 2*v - 1, 0 = -j + 3*j - v - 4. What is the remainder when l(5) is divided by 6/j + (-2